{"id":1507,"date":"2022-06-21T11:05:24","date_gmt":"2022-06-21T09:05:24","guid":{"rendered":"https:\/\/osapam.fr\/?page_id=1507"},"modified":"2026-04-10T15:55:46","modified_gmt":"2026-04-10T13:55:46","slug":"historique","status":"publish","type":"page","link":"https:\/\/osapam.fr\/pl\/presentation\/historique\/","title":{"rendered":"Historique"},"content":{"rendered":"<style>\/*! elementor - v3.14.0 - 26-06-2023 *\/<br \/>\n.elementor-heading-title{padding:0;margin:0;line-height:1}.elementor-widget-heading .elementor-heading-title[class*=elementor-size-]>a{color:inherit;font-size:inherit;line-height:inherit}.elementor-widget-heading .elementor-heading-title.elementor-size-small{font-size:15px}.elementor-widget-heading .elementor-heading-title.elementor-size-medium{font-size:19px}.elementor-widget-heading .elementor-heading-title.elementor-size-large{font-size:29px}.elementor-widget-heading .elementor-heading-title.elementor-size-xl{font-size:39px}.elementor-widget-heading .elementor-heading-title.elementor-size-xxl{font-size:59px}<\/style>\n<h1 style=\"margin-bottom: 0.540791em; white-space-collapse: collapse;\">L&#8217; Office des Sports et des Associations du Pays Mellois<\/h1>\n<style>\/*! elementor - v3.14.0 - 26-06-2023 *\/<br \/>\n.elementor-column .elementor-spacer-inner{height:var(--spacer-size)}.e-con{--container-widget-width:100%}.e-con-inner>.elementor-widget-spacer,.e-con>.elementor-widget-spacer{width:var(--container-widget-width,var(--spacer-size));--align-self:var(--container-widget-align-self,initial);--flex-shrink:0}.e-con-inner>.elementor-widget-spacer>.elementor-widget-container,.e-con-inner>.elementor-widget-spacer>.elementor-widget-container>.elementor-spacer,.e-con>.elementor-widget-spacer>.elementor-widget-container,.e-con>.elementor-widget-spacer>.elementor-widget-container>.elementor-spacer{height:100%}.e-con-inner>.elementor-widget-spacer>.elementor-widget-container>.elementor-spacer>.elementor-spacer-inner,.e-con>.elementor-widget-spacer>.elementor-widget-container>.elementor-spacer>.elementor-spacer-inner{height:var(--container-widget-height,var(--spacer-size))}<\/style>\n<style>\/*! elementor - v3.14.0 - 26-06-2023 *\/<br \/>\n.elementor-widget-image{text-align:center}.elementor-widget-image a{display:inline-block}.elementor-widget-image a img[src$=\".svg\"]{width:48px}.elementor-widget-image img{vertical-align:middle;display:inline-block}<\/style>\n<p><img decoding=\"async\" src=\"https:\/\/osapam.fr\/wp-content\/uploads\/2023\/10\/Design-sans-titre-6-150x150.png\" sizes=\"(max-width: 150px) 100vw, 150px\" srcset=\"https:\/\/osapam.fr\/wp-content\/uploads\/2023\/10\/Design-sans-titre-6-150x150.png 150w, https:\/\/osapam.fr\/wp-content\/uploads\/2023\/10\/Design-sans-titre-6-300x300.png 300w, https:\/\/osapam.fr\/wp-content\/uploads\/2023\/10\/Design-sans-titre-6-768x768.png 768w, https:\/\/osapam.fr\/wp-content\/uploads\/2023\/10\/Design-sans-titre-6.png 1000w\" alt=\"\" width=\"150\" height=\"150\" \/><\/p>\n<p>Octobre 1983: cr\u00e9ation de l&#8217;Office Municipale des Sports de Melle (OMS) pour f\u00e9d\u00e9rer les associations sportives de la commune de Melle.<\/p>\n<figure><img decoding=\"async\" src=\"https:\/\/osapam.fr\/wp-content\/uploads\/2023\/10\/Design-sans-titre-7-150x150.png\" sizes=\"(max-width: 150px) 100vw, 150px\" srcset=\"https:\/\/osapam.fr\/wp-content\/uploads\/2023\/10\/Design-sans-titre-7-150x150.png 150w, https:\/\/osapam.fr\/wp-content\/uploads\/2023\/10\/Design-sans-titre-7-300x300.png 300w, https:\/\/osapam.fr\/wp-content\/uploads\/2023\/10\/Design-sans-titre-7-768x768.png 768w, https:\/\/osapam.fr\/wp-content\/uploads\/2023\/10\/Design-sans-titre-7.png 1000w\" alt=\"\" width=\"150\" height=\"150\" \/><\/figure>\n<p>Mars 1994 : peu de temps apr\u00e8s la cr\u00e9ation de la Communaut\u00e9 de communes du Canton de Melle, l&#8217;OMS devient l&#8217;Office des Sports du Canton de Melle (OSCAM) en relation avec les associations sportives du canton. L&#8217;ann\u00e9e 1994 est \u00e9galement marqu\u00e9e par la 1\u00e8re \u00e9dition du Melle Bornes !<\/p>\n<p>Depuis 2007, l&#8217;Office est reconnu comme &#8220;Tiers de confiance&#8221; par l&#8217;URSSAF et intervient \u00e0 ce titre en direction des associations employeurs dans le cadre du dispositif &#8220;Impact emploi&#8221; (devenu &#8220;Service Emploi Association&#8221;).<\/p>\n<p><img decoding=\"async\" src=\"https:\/\/osapam.fr\/wp-content\/uploads\/2023\/10\/logo-detoure-1-3-300x88.png\" sizes=\"(max-width: 300px) 100vw, 300px\" srcset=\"https:\/\/osapam.fr\/wp-content\/uploads\/2023\/10\/logo-detoure-1-3-300x88.png 300w, https:\/\/osapam.fr\/wp-content\/uploads\/2023\/10\/logo-detoure-1-3-1024x301.png 1024w, https:\/\/osapam.fr\/wp-content\/uploads\/2023\/10\/logo-detoure-1-3-768x226.png 768w, https:\/\/osapam.fr\/wp-content\/uploads\/2023\/10\/logo-detoure-1-3.png 1413w\" alt=\"\" width=\"300\" height=\"88\" \/><\/p>\n<p>Novembre 2014 : avec l&#8217;extension de ses activit\u00e9s en direction de structures intervenant dans tous les champs\u00a0 de la vie associative et sur un territoire plus large,\u00a0 l\u2019OSCAM fait \u00e9voluer ses statuts pour laisser la place \u00e0 l\u2019Office des Sports et des Associations du Pays Mellois (OSAPAM) reconnu comme un partenaire porteur de projets d\u2019int\u00e9r\u00eat communautaire par la Communaut\u00e9 de communes du Mellois (elle deviendra la Communaut\u00e9 de communes Mellois en Poitou le 1er janvier 2017).<\/p>\n<p>Septembre 2019 : d\u00e9m\u00e9nagement de l&#8217;Office dans les locaux de la Maison de Pays (propri\u00e9t\u00e9 de la Communaut\u00e9 de communes Mellois en Poitou), situ\u00e9e 2 place Bujault, \u00e0 Melle (79500).<\/p>\n<p>Depuis 2020, l&#8217;OSAPAM b\u00e9n\u00e9ficie des agr\u00e9ments &#8220;Sport&#8221; et &#8220;Jeunesse et Education Populaire&#8221; attribu\u00e9s par le minist\u00e8re en charge de la Jeunesse et des Sports.<\/p>\n<p>En 2022, l&#8217;OSAPAM int\u00e9gre le dispositif &#8220;Guid&#8217;Asso&#8221;et figure parmi les points d&#8217;appui labellis\u00e9s par l&#8217;Etat au titre de &#8220;Guid&#8217;Asso Information&#8221;, pour faciliter le fonctionnement des associations du Pays Mellois.<\/p>\n<p>En 2024, l&#8217;Office r\u00e9int\u00e8gre le Collectif Formation des B\u00e9n\u00e9voles en Deux-S\u00e8vres afin de proposer des modules de formations adapt\u00e9es aux besoins des b\u00e9n\u00e9voles du territoire.<\/p>\n\n\n<p>En 2026 changement de local: d\u00e9m\u00e9nagement de la Maison De Pays vers les nouveaux bureaux rue des Remparts \u00e0 Melle<\/p>\n","protected":false},"excerpt":{"rendered":"<p>cr\u00e9ation et \u00e9volution de l&#8217;OSAPAM<\/p>\n","protected":false},"author":1,"featured_media":0,"parent":7,"menu_order":2,"comment_status":"closed","ping_status":"closed","template":"","meta":{"_uag_custom_page_level_css":"","_monsterinsights_skip_tracking":false,"_monsterinsights_sitenote_active":false,"_monsterinsights_sitenote_note":"","_monsterinsights_sitenote_category":0,"footnotes":""},"aioseo_notices":[],"uagb_featured_image_src":{"full":false,"thumbnail":false,"medium":false,"medium_large":false,"large":false,"1536x1536":false,"2048x2048":false},"uagb_author_info":{"display_name":"Administrateur","author_link":"https:\/\/osapam.fr\/pl\/author\/admin4376\/"},"uagb_comment_info":0,"uagb_excerpt":"cr\u00e9ation et \u00e9volution de l'OSAPAM","_links":{"self":[{"href":"https:\/\/osapam.fr\/pl\/wp-json\/wp\/v2\/pages\/1507"}],"collection":[{"href":"https:\/\/osapam.fr\/pl\/wp-json\/wp\/v2\/pages"}],"about":[{"href":"https:\/\/osapam.fr\/pl\/wp-json\/wp\/v2\/types\/page"}],"author":[{"embeddable":true,"href":"https:\/\/osapam.fr\/pl\/wp-json\/wp\/v2\/users\/1"}],"replies":[{"embeddable":true,"href":"https:\/\/osapam.fr\/pl\/wp-json\/wp\/v2\/comments?post=1507"}],"version-history":[{"count":38,"href":"https:\/\/osapam.fr\/pl\/wp-json\/wp\/v2\/pages\/1507\/revisions"}],"predecessor-version":[{"id":5234,"href":"https:\/\/osapam.fr\/pl\/wp-json\/wp\/v2\/pages\/1507\/revisions\/5234"}],"up":[{"embeddable":true,"href":"https:\/\/osapam.fr\/pl\/wp-json\/wp\/v2\/pages\/7"}],"wp:attachment":[{"href":"https:\/\/osapam.fr\/pl\/wp-json\/wp\/v2\/media?parent=1507"}],"curies":[{"name":"wp","href":"https:\/\/api.w.org\/{rel}","templated":true}]}}

<style>/*! elementor - v3.14.0 - 26-06-2023 */<br />
.elementor-heading-title{padding:0;margin:0;line-height:1}.elementor-widget-heading .elementor-heading-title[class*=elementor-size-]>a{color:inherit;font-size:inherit;line-height:inherit}.elementor-widget-heading .elementor-heading-title.elementor-size-small{font-size:15px}.elementor-widget-heading .elementor-heading-title.elementor-size-medium{font-size:19px}.elementor-widget-heading .elementor-heading-title.elementor-size-large{font-size:29px}.elementor-widget-heading .elementor-heading-title.elementor-size-xl{font-size:39px}.elementor-widget-heading .elementor-heading-title.elementor-size-xxl{font-size:59px}</style>
<h1 style="margin-bottom: 0.540791em; white-space-collapse: collapse;">L&#8217; Office des Sports et des Associations du Pays Mellois</h1>
<style>/*! elementor - v3.14.0 - 26-06-2023 */<br />
.elementor-column .elementor-spacer-inner{height:var(--spacer-size)}.e-con{--container-widget-width:100%}.e-con-inner>.elementor-widget-spacer,.e-con>.elementor-widget-spacer{width:var(--container-widget-width,var(--spacer-size));--align-self:var(--container-widget-align-self,initial);--flex-shrink:0}.e-con-inner>.elementor-widget-spacer>.elementor-widget-container,.e-con-inner>.elementor-widget-spacer>.elementor-widget-container>.elementor-spacer,.e-con>.elementor-widget-spacer>.elementor-widget-container,.e-con>.elementor-widget-spacer>.elementor-widget-container>.elementor-spacer{height:100%}.e-con-inner>.elementor-widget-spacer>.elementor-widget-container>.elementor-spacer>.elementor-spacer-inner,.e-con>.elementor-widget-spacer>.elementor-widget-container>.elementor-spacer>.elementor-spacer-inner{height:var(--container-widget-height,var(--spacer-size))}</style>
<style>/*! elementor - v3.14.0 - 26-06-2023 */<br />
.elementor-widget-image{text-align:center}.elementor-widget-image a{display:inline-block}.elementor-widget-image a img[src$=".svg"]{width:48px}.elementor-widget-image img{vertical-align:middle;display:inline-block}</style>
<p><img decoding="async" src="https://osapam.fr/wp-content/uploads/2023/10/Design-sans-titre-6-150x150.png" sizes="(max-width: 150px) 100vw, 150px" srcset="https://osapam.fr/wp-content/uploads/2023/10/Design-sans-titre-6-150x150.png 150w, https://osapam.fr/wp-content/uploads/2023/10/Design-sans-titre-6-300x300.png 300w, https://osapam.fr/wp-content/uploads/2023/10/Design-sans-titre-6-768x768.png 768w, https://osapam.fr/wp-content/uploads/2023/10/Design-sans-titre-6.png 1000w" alt="" width="150" height="150" /></p>
<p>Octobre 1983: création de l&#8217;Office Municipale des Sports de Melle (OMS) pour fédérer les associations sportives de la commune de Melle.</p>
<figure><img decoding="async" src="https://osapam.fr/wp-content/uploads/2023/10/Design-sans-titre-7-150x150.png" sizes="(max-width: 150px) 100vw, 150px" srcset="https://osapam.fr/wp-content/uploads/2023/10/Design-sans-titre-7-150x150.png 150w, https://osapam.fr/wp-content/uploads/2023/10/Design-sans-titre-7-300x300.png 300w, https://osapam.fr/wp-content/uploads/2023/10/Design-sans-titre-7-768x768.png 768w, https://osapam.fr/wp-content/uploads/2023/10/Design-sans-titre-7.png 1000w" alt="" width="150" height="150" /></figure>
<p>Mars 1994 : peu de temps après la création de la Communauté de communes du Canton de Melle, l&#8217;OMS devient l&#8217;Office des Sports du Canton de Melle (OSCAM) en relation avec les associations sportives du canton. L&#8217;année 1994 est également marquée par la 1ère édition du Melle Bornes !</p>
<p>Depuis 2007, l&#8217;Office est reconnu comme &#8220;Tiers de confiance&#8221; par l&#8217;URSSAF et intervient à ce titre en direction des associations employeurs dans le cadre du dispositif &#8220;Impact emploi&#8221; (devenu &#8220;Service Emploi Association&#8221;).</p>
<p><img decoding="async" src="https://osapam.fr/wp-content/uploads/2023/10/logo-detoure-1-3-300x88.png" sizes="(max-width: 300px) 100vw, 300px" srcset="https://osapam.fr/wp-content/uploads/2023/10/logo-detoure-1-3-300x88.png 300w, https://osapam.fr/wp-content/uploads/2023/10/logo-detoure-1-3-1024x301.png 1024w, https://osapam.fr/wp-content/uploads/2023/10/logo-detoure-1-3-768x226.png 768w, https://osapam.fr/wp-content/uploads/2023/10/logo-detoure-1-3.png 1413w" alt="" width="300" height="88" /></p>
<p>Novembre 2014 : avec l&#8217;extension de ses activités en direction de structures intervenant dans tous les champs  de la vie associative et sur un territoire plus large,  l’OSCAM fait évoluer ses statuts pour laisser la place à l’Office des Sports et des Associations du Pays Mellois (OSAPAM) reconnu comme un partenaire porteur de projets d’intérêt communautaire par la Communauté de communes du Mellois (elle deviendra la Communauté de communes Mellois en Poitou le 1er janvier 2017).</p>
<p>Septembre 2019 : déménagement de l&#8217;Office dans les locaux de la Maison de Pays (propriété de la Communauté de communes Mellois en Poitou), située 2 place Bujault, à Melle (79500).</p>
<p>Depuis 2020, l&#8217;OSAPAM bénéficie des agréments &#8220;Sport&#8221; et &#8220;Jeunesse et Education Populaire&#8221; attribués par le ministère en charge de la Jeunesse et des Sports.</p>
<p>En 2022, l&#8217;OSAPAM intégre le dispositif &#8220;Guid&#8217;Asso&#8221;et figure parmi les points d&#8217;appui labellisés par l&#8217;Etat au titre de &#8220;Guid&#8217;Asso Information&#8221;, pour faciliter le fonctionnement des associations du Pays Mellois.</p>
<p>En 2024, l&#8217;Office réintègre le Collectif Formation des Bénévoles en Deux-Sèvres afin de proposer des modules de formations adaptées aux besoins des bénévoles du territoire.</p>


<p>En 2026 changement de local: déménagement de la Maison De Pays vers les nouveaux bureaux rue des Remparts à Melle</p>

<p>création et évolution de l&#8217;OSAPAM</p>

création et évolution de l'OSAPAM
